me factors of v.
3, 5
List the prime factors of (-6 - (0 + -5))/(5/(-2915)).
11, 53
Suppose -3*z + 5*p = -29, 4*p + 0*p = 5*z - 31. Suppose -6*o - 5*a + 45 = -4*o, -z*o + a + 25 = 0. What are the prime factors of o?
2, 5
Let m(u) = u**2 - 14*u - 4. Let k be m(8). Let z = k + 91. Let a = 92 - z. List the prime factors of a.
53
Let p(i) = 59*i - 9. Let d be p(6). Suppose 0 = 4*b + 53 - d. List the prime factors of b.
73
Suppose 19*r - 7818 = 16*r - 5*x, 4*x = -2*r + 5212. What are the prime factors of r?
2, 1303
Let m(z) = -3*z**3 - 5*z**2 - 10. Suppose -15 + 0 = 3*w. What are the prime factors of m(w)?
2, 3, 5
Suppose 6*b - 11*b = -5. Let x be (b - 0)/1 + -1. Suppose x*n - 4*n = -120. List the prime factors of n.
2, 3, 5
Suppose 50 = 4*y + 18. Suppose -y = -3*z + 1. Suppose z*s - 8*s = -130. List the prime factors of s.
2, 13
Suppose 0 = 13*v - 1325 - 3316. List the prime factors of v.
3, 7, 17
Let n(b) = -11*b**3 + 4*b**2 + b + 6. List the prime factors of n(-3).
2, 3, 7
Let h = 17 - -199. Suppose 4*u + 5*c - 319 = h, 2*u - 2*c - 272 = 0. What are the prime factors of u?
3, 5
Let n = -39 + 42. Suppose -96 = -q + n*f, 0 = -5*q - f - 110 + 622. What are the prime factors of q?
2, 3, 17
Suppose 0 = 5*k - 0*k - 15. Suppose k*t = -2*j + 96, -4*j + 0*j - 3*t + 198 = 0. List the prime factors of j.
3, 17
Let n = -37 + 41. Suppose -n*a + 270 = 2*a. What are the prime factors of a?
3, 5
Let t(o) = -68*o + 2. Let s(z) = -68*z + 1. Let q(j) = -3*s(j) + 4*t(j). What are the prime factors of q(-4)?
277
Let v(q) = q**2 - 2*q - 1. Let s be v(3). Suppose -s*i - 5*h + 2*h + 2 = 0, -4*h + 4 = 4*i. What are the prime factors of (28 - 3) + i/1?
2, 13
Let d be ((-6)/8)/((-4)/(-48)). Let o = d - -9. Suppose 4*x = -o*x + 88. What are the prime factors of x?
2, 11
Let q be 57/(-1) + -2 - -3. Let x = q - -81. Let r = x - 4. List the prime factors of r.
3, 7
List the prime factors of ((13/2)/(-13))/(3/(-2880)).
2, 3, 5
List the prime factors of (2 - 24482/(-14)) + 158/553.
17, 103
Let l(r) = 16*r**2 + 53*r + 9. List the prime factors of l(-8).
3, 7, 29
Let p = -381 - -836. What are the prime factors of p?
5, 7, 13
Suppose 8*x + 8 = -16. List the prime factors of ((-18)/(-4))/((-130)/44 - x).
3, 11
Let x(p) = p**2 + p + 20. Let t be -6 - (6 - 2/1). What are the prime factors of x(t)?
2, 5, 11
Suppose -41287 - 67703 = -30*v. List the prime factors of v.
3, 7, 173
Let x(b) be the second derivative of -2*b**3/3 - 2*b**2 + 23*b. Let r be (8/6)/(2/(-9)). List the prime factors of x(r).
2, 5
Suppose -3*c + 5 + 85 = 0. List the prime factors of 2658/c + 2/5.
89
Let j = 9 - -14. Let s = j - 22. List the prime factors of (15 - (-3 - s))*1.
19
Suppose 503 = w - 3*h - 375, -5*h - 878 = -w. List the prime factors of w.
2, 439
Let b be (1 - 1)/(24/12). Suppose a + 3*a = b. Suppose -2*q = -a*q - 4. What are the prime factors of q?
2
Let n be 19/4 + 6/24. Suppose 2*j = 4*y + 90, j - 45 = -2*y + n*y. Suppose 4*u = 9*u - j. List the prime factors of u.
3
Let f = 4568 - 2995. What are the prime factors of f?
11, 13
What are the prime factors of (-3214)/(-8) + (-150)/200?
401
What are the prime factors of (-5391)/6*(-5 - 44/(-12))?
2, 599
Suppose -n + 4*d + 553 = -0*n, 4*d - 1643 = -3*n. List the prime factors of n.
3, 61
Let u(q) = 3*q**2 + 4. Let s be u(-3). Let i = 24 - 12. Let g = s - i. What are the prime factors of g?
19
Suppose -3*h = -7*s + 9*s - 5174, 0 = -2*h + 3*s + 3432. List the prime factors of h.
2, 3, 7, 41
Let j = -12 - -40. Let b = 49 - j. List the prime factors of 38/7 + 12/b.
2, 3
Let q(s) = -3*s**2 + 17*s - 18. Let w(a) = -7*a**2 + 35*a - 35. Let z(g) = 5*q(g) - 2*w(g). List the prime factors of z(13).
2, 3
Let k = 20 - -111. What are the prime factors of -4 + 2/(2/k)?
127
Let o = 1658 + -1067. What are the prime factors of o?
3, 197
Let h(b) be the first derivative of 4*b**2 + 9*b + 19. Let g = 14 + -10. List the prime factors of h(g).
41
Let z(a) be the second derivative of 10*a**3/3 - 7*a**2 - 5*a. What are the prime factors of z(4)?
2, 3, 11
Let r be 22/77*(16 - 2). Let x(z) = 47*z - 2. List the prime factors of x(r).
2, 3, 31
Suppose 0 = -4477*z + 4485*z - 35048. What are the prime factors of z?
13, 337
Suppose -s = 4*b + 12 + 135, -5*s + 2*b = 735. Let u = s - -259. Suppose -u = -4*h + 80. What are the prime factors of h?
2, 3
Suppose 3*y = -3*x + 8*x - 16, 0 = x - 5. Suppose -2*k = y*k - 1105. List the prime factors of k.
13, 17
Let j be 2/(-9) + 31602/54. Suppose -7*h - 88 = -j. Suppose 69 + h = 4*p. List the prime factors of p.
5, 7
Let p be (29 + (1 - -3))*2/(-3). List the prime factors of -5*(-3 + p + 2).
5, 23
Let u be 3*65*2/(-6). Let r = u + 111. What are the prime factors of r?
2, 23
Let i be 1/3 - (-95)/3. Suppose -13*c - 16 = -21*c. Suppose i = 4*f - c*f. List the prime factors of f.
2
Suppose -5*r + 0*r = 170. Let d = 72 + r. List the prime factors of d.
2, 19
Let r be (-89)/13 + 10/(-65). Let a(m) = -4 + 179*m - 184*m + 5. List the prime factors of a(r).
2, 3
Let x = 44 + -30. Suppose -3*y - f = y, -2*y + 3*f = x. List the prime factors of ((-8)/2)/(1/y).
2
Let y be (-159)/4*80/(-15). Let n = y - 149. List the prime factors of n.
3, 7
Let g(j) = 22*j**3 - 10*j**2 + 6*j + 20. Let r(s) = 7*s**3 - 3*s**2 + 2*s + 7. Let a(x) = -3*g(x) + 10*r(x). What are the prime factors of a(4)?
2, 137
Suppose -4230 = -13*x + 3*x. Suppose -5*v + 2*b + 414 = 0, -x = 2*v - 7*v - b. List the prime factors of v.
2, 3, 7
Let v(u) = -2*u**3 + 55*u**2 + 105*u - 55. Let s(r) = -3*r**3 + 82*r**2 + 158*r - 82. Let p(l) = 5*s(l) - 7*v(l). What are the prime factors of p(27)?
2
Let z(p) = -p**3 + 7*p**2 + p - 3. Let l be 6*2/((-8)/(-18)). Let k be l/36 + 18/8. List the prime factors of z(k).
2, 3
Suppose -3*s - 42 = -114. Let y(n) = n**2 - 21*n - 44. What are the prime factors of y(s)?
2, 7
Suppose 2*q = 5*b + 83 + 23, -5*b = -10. Suppose 0 = 2*z - 2*c - c - q, z - 36 = 5*c. What are the prime factors of z?
2, 13
Let r(j) = -j - 10. Let x be r(-7). Let c be 3 - (0/(-1))/x. Suppose -o - 3 = 5*d, -5*o - c*d + 69 = -6*d. What are the prime factors of o?
2, 3
Let c = -517 - -954. What are the prime factors of c?
19, 23
Suppose -q + 3*q = 130. Suppose -74 = -3*m + 91. Suppose -o + 4*r + q = 0, -4*o + r + m = -130. List the prime factors of o.
3, 5
Let g be (-264)/(-72) + 2/6. Suppose g*d - 2*h = 194, 0*h + 153 = 3*d + h. List the prime factors of d.
2, 5
Let h = -5 + 2. Suppose 4*q - 36 + 8 = 0. Let c = q + h. What are the prime factors of c?
2
Suppose h + 5*y - 86 - 144 = 0, -5*y = -20. What are the prime factors of h?
2, 3, 5, 7
Suppose -4*z - 16 = 64. List the prime factors of 1 - (1 - -1)*z.
41
Suppose 0 = 2*t - 2*x - 258, -363 = t - 4*t - 5*x. What are the prime factors of t + 3*4*(-3)/(-12)?
3, 43
Let d(q) = 3*q**2 + 9*q - 4. Suppose b + 0*n + 3*n = -2, -b = 2*n. List the prime factors of d(b).
2, 5
Suppose -a = 2, d + 5*a = 427 + 502. What are the prime factors of d?
3, 313
Let a(w) = -w**2 - w + 4. Let o be a(3). Let b(v) = -v**2 - 11*v - 3. Let i be b(o). Suppose 5*p - 56 = -i. List the prime factors of p.
7
Suppose -2 = -32*y + 30*y. What are the prime factors of ((-477)/18)/(y/(-6))?
3, 53
Let x(z) = 31*z + 62. Let r be (3/(-12))/((-2)/72) - 1. What are the prime factors of x(r)?
2, 5, 31
Let t = -1099 + 2127. What are the prime factors of t?
2, 257
Suppose -4*f - 1 = -o - 22, -4*f + 17 = 3*o. Suppose 0 = -2*t + r + f - 11, -3*t - 3*r = -9. What are the prime factors of (2 - t)*16/3?
2
Let i(c) = -c + 23. Let j be i(-7). Suppose l = -l - o + j, l = 4*o + 15. Suppose -2*t + l + 13 = 0. What are the prime factors of t?
2, 7
Suppose -3*d - 3410 = -4*h, -25 + 27 = d. List the prime factors of h.
2, 7, 61
Suppose -3*i + 3*l + 246 = 0, 4*i + 3*l + 0*l - 356 = 0. Suppose 5*m = i + 204. Suppose -f - 5*z = -0*f - m, -4*f + 232 = 4*z. What are the prime factors of f?
2, 29
Let u = 40 + -42. Let a be -3 + 5 + 4 + u. Suppose a*t - t = 90. List the prime factors of t.
2, 3, 5
List the prime factors of -115*1*74/(-370).
23
Suppose 2*b + 7 + 3 = 2*v, -2*b - 5*v + 11 = 0. Let z be (1240/(-5))/(b - 0). Suppose -8*j + 4*j = -z. What are the prime factors of j?
31
Suppose k = -3*k. Suppose 4*i + 62 = -3*g, 2*g - 3*i + 28 = -2. Let m = k - g. What are the prime factors of m?
2, 3
Let v(f)